(-12).
11
Let x(k) = -11*k**2 - 310*k - 61. Give x(-28).
-5
Let u(o) = 22*o**3 - o**2 - 2. Give u(2).
170
Let i(l) = -l**3 - 39*l**2 + 94*l - 1369. What is i(-42)?
-25
Let i(n) = -17*n**2 - 205*n + 20. What is i(-12)?
32
Let q(z) = -z**2 - 113*z + 130. Calculate q(-114).
16
Let y(o) = 52*o - 6225. Determine y(120).
15
Let o(v) = -11*v + 333. What is o(19)?
124
Let f(l) = -l**2 - 69*l - 202. Give f(-66).
-4
Let b(t) = -11*t**2 + 32*t + 612. Calculate b(9).
9
Let p(t) = -8*t**3 - t + 3. Calculate p(3).
-216
Let u(i) = -10*i**2 + 71*i - 17. Give u(7).
-10
Let i(m) = -m**3 + 46*m**2 + 28*m - 111. Give i(47).
-1004
Let o(w) = -767*w - 3901. Determine o(-5).
-66
Let z(v) = -27*v - 148. Determine z(-11).
149
Let h(l) = -l**2 - 5*l + 231. Calculate h(-13).
127
Let f(p) = -107*p**2 + 3*p + 17. What is f(-2)?
-417
Let l(w) = -20*w - 1379. Give l(-66).
-59
Let t(n) = -n**3 - 4*n**2 + 31*n + 38. Determine t(-8).
46
Let x(o) = -29*o - 98. Give x(2).
-156
Let h(w) = 4*w**2 - 120*w + 432. What is h(26)?
16
Let k(t) = -182*t + 3984. Calculate k(22).
-20
Let r(u) = -142*u**2 + 580*u - 35. Determine r(4).
13
Let r(p) = -117*p**2 + 30*p + 58. Give r(-2).
-470
Let s(x) = x**3 - 33*x**2 + 67*x - 474. Determine s(31).
-319
Let r(l) = -l**3 - 11*l**2 - 27*l. What is r(-5)?
-15
Let c(m) = -51*m - 540. Determine c(-10).
-30
Let i(x) = 2*x**2 + 32*x + 66. Determine i(-15).
36
Let l(s) = -4*s**3 + 8*s + 9. Calculate l(-2).
25
Let s(o) = 425*o - 2910. Calculate s(8).
490
Let u(g) = -g**2 + 43*g - 259. Calculate u(39).
-103
Let x(k) = -k**3 - 20*k**2 - 4*k - 81. Give x(-20).
-1
Let i(u) = 38*u - 87. Calculate i(4).
65
Let l(w) = -w**3 - 82*w**2 + 1456*w + 90. Calculate l(-97).
-7
Let z(u) = -75*u + 664. Calculate z(7).
139
Let p(j) = j**3 + 14*j**2 + 7*j + 30. What is p(-13)?
108
Let x(m) = -80*m - 17. Give x(0).
-17
Let q(o) = o**2 + 349*o + 23646. What is q(-92)?
2
Let u(f) = -f**3 + 22*f**2 - 64*f - 563. Give u(16).
-51
Let v(a) = a**2 + 32*a + 104. Determine v(-8).
-88
Let t(g) = g**3 - 3*g**2 - 18*g + 42. Give t(6).
42
Let k(h) = -h**2 + 6*h + 319. Give k(-15).
4
Let i(b) = -25*b - 264. Give i(-12).
36
Let u(p) = -p**2 + 5923*p - 76810. Give u(13).
20
Let q(l) = 143*l + 390. What is q(-6)?
-468
Let n(b) = b**3 - 2*b**2 - 9*b - 6. Give n(-1).
0
Let p(d) = 2*d**3 + 38*d**2 - 54*d - 302. What is p(-20)?
-22
Let m(x) = 33*x**2 + 790*x - 47. What is m(-24)?
1
Let i(z) = -45*z - 168. Determine i(-3).
-33
Let s(h) = -h**2 + 67*h + 1261. Determine s(82).
31
Let i(b) = -2*b**3 - 3*b**2 + 225*b + 814. Calculate i(-4).
-6
Let s(i) = 10604*i + 53012. Determine s(-5).
-8
Let n(u) = -u**3 - 17*u**2 - 10*u + 301. What is n(-15)?
1
Let k(x) = 36*x - 569. Calculate k(16).
7
Let w(r) = 2*r**3 + 77*r**2 - 32*r + 270. Give w(-39).
-3
Let v(c) = c**3 - 27*c**2 + 168*c + 86. What is v(16)?
-42
Let t(p) = 12*p - 1163. Calculate t(96).
-11
Let y(a) = 14*a**3 + 7*a + 21. What is y(-2)?
-105
Let w(t) = 156*t**2 + 1243*t + 11. What is w(-8)?
51
Let w(d) = -327*d + 13038. Calculate w(40).
-42
Let w(j) = -14640*j + 73202. What is w(5)?
2
Let g(u) = 688*u + 692. What is g(-1)?
4
Let l(r) = -r**2 + 142*r - 5008. Calculate l(77).
-3
Let q(x) = -x**3 - 9*x**2 - 17*x - 11. What is q(-7)?
10
Let d(z) = z**2 - 22*z + 227. Give d(12).
107
Let v(z) = z**3 + 13*z**2 - 63*z - 902. Determine v(-12).
-2
Let y(h) = h**3 - 18*h**2 - 46*h + 515. Give y(19).
2
Let x(w) = -93*w - 475. What is x(-5)?
-10
Let w(p) = -420*p + 26044. What is w(62)?
4
Let s(o) = -1058*o + 1073. What is s(1)?
15
Let m(s) = -7*s**2 - 68*s - 106. Give m(-8).
-10
Let u(i) = -i**3 - 120*i**2 + 112*i - 1082. What is u(-121)?
7
Let b(r) = -r**3 - 13*r**2 - 25*r + 48. Calculate b(-12).
204
Let l(v) = 64*v - 6. Give l(2).
122
Let p(x) = 38*x + 139. What is p(-1)?
101
Let w(u) = 2*u**3 + 26*u**2 - 40*u - 177. Determine w(-14).
-9
Let l(c) = 92*c**2 - 633*c - 18. Determine l(7).
59
Let q(w) = -11*w**3 - 65*w**2 + 6*w + 48. Give q(-6).
48
Let i(n) = -4347*n - 21732. Determine i(-5).
3
Let t(n) = 4*n**3 + 42*n**2 + 23*n + 29. What is t(-10)?
-1
Let a(q) = -11*q**2 + 29*q - 42. Calculate a(5).
-172
Let w(p) = -39*p + 373. Determine w(6).
139
Let y(j) = 18*j - 114. Calculate y(6).
-6
Let m(b) = -b**2 - 22*b - 65. What is m(-10)?
55
Let z(m) = -m**3 + 14*m**2 - 49*m + 173. Calculate z(11).
-3
Let y(d) = d**3 + 97*d**2 + 12*d + 561. Determine y(-97).
-603
Let i(x) = -69*x - 8549. What is i(-124)?
7
Let m(q) = 4*q + 66. Calculate m(-9).
30
Let r(f) = -14*f**3 - 225*f**2 - 6*f + 169. Give r(-16).
9
Let a(p) = -126*p - 18. What is a(2)?
-270
Let t(n) = -28*n + 448. Determine t(38).
-616
Let h(w) = 2*w**3 - 134*w**2 - 413*w + 23. Determine h(-3).
2
Let a(r) = r**2 - 87*r - 522. Calculate a(93).
36
Let i(n) = -2*n**3 + 29*n**2 - 40*n + 18. Determine i(13).
5
Let y(l) = 3*l + 42. Determine y(-11).
9
Let x(m) = 9*m + 152. What is x(-28)?
-100
Let n(c) = -c**3 - 29*c**2 - 122*c - 134. Give n(-24).
-86
Let a(t) = -t**3 + 5*t**2 + 34*t - 69. Calculate a(8).
11
Let m(o) = -2*o**2 + 89*o - 992. Determine m(32).
-192
Let j(l) = 6*l**3 + 18*l - 4. Determine j(0).
-4
Let j(q) = -3*q**3 - 10*q**2 - 11*q + 6. Give j(-2).
12
Let f(p) = -2*p**2 - 13*p + 44. Give f(3).
-13
Let d(y) = y**3 + 14*y**2 - 5*y - 18. Calculate d(-15).
-168
Let p(d) = -136*d - 410. Calculate p(-6).
406
Let h(v) = v - 79. Determine h(10).
-69
Let h(p) = -2*p**2 - 21*p - 50. Calculate h(-8).
-10
Let o(y) = 379*y - 83372. Calculate o(220).
8
Let n(x) = x + 30. What is n(7)?
37
Let q(c) = -64*c - 1706. Determine q(-27).
22
Let g(r) = -r**2 - 194*r - 2846. Give g(-16).
2
Let a(p) = -8*p + 44. Calculate a(20).
-116
Let g(z) = -z**3 + 52*z**2 + 48*z + 300. Determine g(53).
35
Let d(f) = f**3 + 11*f**2 - 4*f - 198. Give d(-6).
6
Let m(k) = k**3 - 3*k**2 - 20*k + 32. Give m(6).
20
Let w(o) = 322*o - 10952. What is w(34)?
-4
Let s(o) = 5*o**2 - 263*o + 124. Give s(52).
-32
Let l(a) = -a**3 - 10*a + 53. Calculate l(3).
-4
Let w(d) = -12*d - 37. Calculate w(3).
-73
Let q(n) = 7*n**2 + 258*n + 78. Calculate q(-36).
-138
Let j(y) = y**2 - 61*y - 959. Calculate j(-13).
3
Let j(l) = -l**2 - 38*l - 321. Give j(-21).
36
Let h(l) = l**2 - 112*l + 3052. Calculate h(66).
16
Let y(q) = -65*q - 5. Determine y(1).
-70
Let l(m) = -m**2 + 23*m - 125. Determine l(7).
-13
Let d(m) = m**3 - 10*m**2 + 17*m + 93. Calculate d(8).
101
Let u(a) = 3*a**3 + 36*a**2 + 6*a - 26. Calculate u(-12).
-98
Let b(x) = x**2 - 31*x + 53. Calculate b(30).
23
Let t(o) = -2*o**2 + 173*o - 2185. Determine t(71).
16
Let a(j) = -2*j**2 + 26*j + 143. Give a(17).
7
Let s(d) = d**2 + 35*d + 83. What is s(-20)?
-217
Let n(h) = h**3 - 8*h**2 + 26*h - 1. Determine n(6).
83
Let h(s) = -217*s + 456. What is h(2)?
22
Let m(x) = x**2 + 62*x + 395. Determine m(-7).
10
Let p(d) = -268*d - 5916. Give p(-22).
-20
Let g(u) = u**2 - 321*u - 97794. What is g(512)?
-2
Let c(w) = w**3 - 4*w**2 - 19*w + 67. Determine c(5).
-3
Let z(t) = 84*t**3 - 15*t**2 - 13*t + 1. Determine z(-1).
-85
Let x(p) = p**3 + 95*p**2 - 92*p - 499. Calculate x(-96).
-883
Let q(x) = -1501*x + 10. Calculate q(0).
10
Let i(b) = 3*b**3 + 25*b**2 - 123*b + 3. Calculate i(-12).
-105
Let j(b) = -b**3 + 122*b**2 - 4*b + 478. Determine j(122).
-10
Let k(v) = -2*v**3 - 9*v**2 + 34*v + 25. Calculate k(-10).
785
Let n(j) = 4*j**3 - 161*j**2 + 25*j + 481. What is n(40)?
-119
Let y(u) = -u**3 - 47*u**2 - 367*u + 126. Give y(-37).
15
Let y(s) = -54*s**2 - 21*s - 5. Give y(-2).
-179
Let j(v) = -v**3 - 88*v**2 + 92*v + 267. What is j(-89)?
0
Let n(u) = u**2 - 24*u - 1. Calculate n(23).
-24
Let v(f) = f**3 - 57*f**2 + 104*f + 297. What is v(55)?
-33
Let c(v) = 2*v**3 - 223*v**2 - 1048*v + 470. Give c(116).
6
Let o(p) = -p**2 - 546*p - 20637. Give o(-41).
68
Let f(c) = -4*c**2 + 284*c + 34. What is f(70)?
314
Let y(v) = 6*v**2 + 57*v + 255. What is y(-5)?
120
Let l(v) = 2*v**2 - 44*v - 75. Give l(23).
-29
Let h(r) = -2*r**2 + 136*r + 707. Calculate h(-5).
-23
Let x(c) = -181*c + 2356. Calculate x(13).
3
Let n(g) = 2*g**2 - 41*g + 25. Determine n(20).
5
Let h(c) = c**2 + 132*c + 515. Calculate h(-4).
3
Let t(c) = -c**2 - 49*c - 546. Give t(-17).
-2
Let j(t) = t**3 - 17*t**2 - 106*t - 70. Give j(22).
18
Let u(i) = 5*i**2 + 117*i + 675. Calculate u(-11).
-7
Let n(c) = 70*c - 1100. Give n(0).
-1100
Let t(i)